{"id":40,"date":"2021-11-11T13:35:12","date_gmt":"2021-11-11T13:35:12","guid":{"rendered":"https:\/\/copy-color.de\/?page_id=40"},"modified":"2022-02-15T14:55:19","modified_gmt":"2022-02-15T14:55:19","slug":"blog-2","status":"publish","type":"page","link":"https:\/\/copy-color.de\/?page_id=40","title":{"rendered":"Brief\/Paket-Versand"},"content":{"rendered":"\n<div class=\"wp-block-columns alignwide is-layout-flex wp-container-core-columns-is-layout-9d6595d7 wp-block-columns-is-layout-flex\">\n<div class=\"wp-block-column is-layout-flow wp-block-column-is-layout-flow\" style=\"flex-basis:15%\">\n<figure class=\"wp-block-image is-resized\"><img decoding=\"async\" src=\"https:\/\/copy-color.de\/wp-content\/uploads\/2021\/12\/HermesLogo.png\" alt=\"\" class=\"wp-image-216\" width=\"73\" height=\"63\" srcset=\"https:\/\/copy-color.de\/wp-content\/uploads\/2021\/12\/HermesLogo.png 600w, https:\/\/copy-color.de\/wp-content\/uploads\/2021\/12\/HermesLogo-300x262.png 300w\" sizes=\"(max-width: 73px) 100vw, 73px\" \/><\/figure>\n<\/div>\n\n\n\n<div class=\"wp-block-column is-layout-flow wp-block-column-is-layout-flow\" style=\"flex-basis:85%\">\n<p class=\"has-large-font-size\"> <\/p>\n<\/div>\n<\/div>\n\n\n\n<p><\/p>\n\n\n\n<p class=\"has-medium-font-size\"><strong><span class=\"has-inline-color has-pale-cyan-blue-color\">Der Versand findet durch Hermes statt: <\/span><\/strong><\/p>\n\n\n\n<ul class=\"wp-block-list\"><li>Abholung <\/li><li>Sendungen aufgeben <\/li><\/ul>\n\n\n\n<p><\/p>\n\n\n\n<p class=\"has-normal-font-size\"><mark style=\"background-color:rgba(0, 0, 0, 0)\" class=\"has-inline-color has-white-color\">Die Gr\u00f6\u00dfe der P\u00e4ckchen ergibt sich aus <u>l\u00e4ngster<\/u><strong> &amp; <\/strong><u>k\u00fcrzester<\/u> Seite in der <strong>Summe<\/strong>.<\/mark><\/p>\n\n\n\n<figure class=\"wp-block-image size-large\"><img fetchpriority=\"high\" decoding=\"async\" width=\"1024\" height=\"61\" src=\"https:\/\/copy-color.de\/wp-content\/uploads\/2022\/01\/Unbenanojiuztnt-3-2-1024x61.png\" alt=\"\" class=\"wp-image-450\" srcset=\"https:\/\/copy-color.de\/wp-content\/uploads\/2022\/01\/Unbenanojiuztnt-3-2-1024x61.png 1024w, https:\/\/copy-color.de\/wp-content\/uploads\/2022\/01\/Unbenanojiuztnt-3-2-300x18.png 300w, https:\/\/copy-color.de\/wp-content\/uploads\/2022\/01\/Unbenanojiuztnt-3-2-768x45.png 768w, https:\/\/copy-color.de\/wp-content\/uploads\/2022\/01\/Unbenanojiuztnt-3-2-1536x91.png 1536w, https:\/\/copy-color.de\/wp-content\/uploads\/2022\/01\/Unbenanojiuztnt-3-2-2048x121.png 2048w, https:\/\/copy-color.de\/wp-content\/uploads\/2022\/01\/Unbenanojiuztnt-3-2-600x36.png 600w\" sizes=\"(max-width: 1024px) 100vw, 1024px\" \/><\/figure>\n\n\n\n<div class=\"wp-block-media-text alignwide is-stacked-on-mobile is-image-fill\" style=\"grid-template-columns:29% auto\"><figure class=\"wp-block-media-text__media\" style=\"background-image:url(https:\/\/copy-color.de\/wp-content\/uploads\/2021\/12\/hg_erklaerungsillustrationen_02_rgb_paket-ausmessen-1.png);background-position:49% 68%\"><img decoding=\"async\" width=\"314\" height=\"313\" src=\"https:\/\/copy-color.de\/wp-content\/uploads\/2021\/12\/hg_erklaerungsillustrationen_02_rgb_paket-ausmessen-1.png\" alt=\"\" class=\"wp-image-214 size-full\" srcset=\"https:\/\/copy-color.de\/wp-content\/uploads\/2021\/12\/hg_erklaerungsillustrationen_02_rgb_paket-ausmessen-1.png 314w, https:\/\/copy-color.de\/wp-content\/uploads\/2021\/12\/hg_erklaerungsillustrationen_02_rgb_paket-ausmessen-1-300x300.png 300w, https:\/\/copy-color.de\/wp-content\/uploads\/2021\/12\/hg_erklaerungsillustrationen_02_rgb_paket-ausmessen-1-150x150.png 150w, https:\/\/copy-color.de\/wp-content\/uploads\/2021\/12\/hg_erklaerungsillustrationen_02_rgb_paket-ausmessen-1-100x100.png 100w\" sizes=\"(max-width: 314px) 100vw, 314px\" \/><\/figure><div class=\"wp-block-media-text__content\">\n<figure class=\"wp-block-image size-large\"><img loading=\"lazy\" decoding=\"async\" width=\"1024\" height=\"321\" src=\"https:\/\/copy-color.de\/wp-content\/uploads\/2022\/01\/01-3-1024x321.png\" alt=\"\" class=\"wp-image-457\" srcset=\"https:\/\/copy-color.de\/wp-content\/uploads\/2022\/01\/01-3-1024x321.png 1024w, https:\/\/copy-color.de\/wp-content\/uploads\/2022\/01\/01-3-300x94.png 300w, https:\/\/copy-color.de\/wp-content\/uploads\/2022\/01\/01-3-768x241.png 768w, https:\/\/copy-color.de\/wp-content\/uploads\/2022\/01\/01-3-1536x482.png 1536w, https:\/\/copy-color.de\/wp-content\/uploads\/2022\/01\/01-3-2048x642.png 2048w, https:\/\/copy-color.de\/wp-content\/uploads\/2022\/01\/01-3-600x188.png 600w\" sizes=\"(max-width: 1024px) 100vw, 1024px\" \/><\/figure>\n\n\n\n<p class=\"has-pale-cyan-blue-color has-text-color\"><a href=\"https:\/\/www.myhermes.de\/service\/hermes-app\/\" target=\"_blank\" rel=\"noreferrer noopener\">ZUR HERMES APP<\/a><\/p>\n<\/div><\/div>\n\n\n\n<figure class=\"wp-block-image size-large\"><img loading=\"lazy\" decoding=\"async\" width=\"1024\" height=\"61\" src=\"https:\/\/copy-color.de\/wp-content\/uploads\/2022\/01\/Unbenanojiuztnt-3-1-1024x61.png\" alt=\"\" class=\"wp-image-444\" srcset=\"https:\/\/copy-color.de\/wp-content\/uploads\/2022\/01\/Unbenanojiuztnt-3-1-1024x61.png 1024w, https:\/\/copy-color.de\/wp-content\/uploads\/2022\/01\/Unbenanojiuztnt-3-1-300x18.png 300w, https:\/\/copy-color.de\/wp-content\/uploads\/2022\/01\/Unbenanojiuztnt-3-1-768x45.png 768w, https:\/\/copy-color.de\/wp-content\/uploads\/2022\/01\/Unbenanojiuztnt-3-1-1536x91.png 1536w, https:\/\/copy-color.de\/wp-content\/uploads\/2022\/01\/Unbenanojiuztnt-3-1-2048x121.png 2048w, https:\/\/copy-color.de\/wp-content\/uploads\/2022\/01\/Unbenanojiuztnt-3-1-600x36.png 600w\" sizes=\"(max-width: 1024px) 100vw, 1024px\" \/><\/figure>\n\n\n\n<div class=\"wp-block-image\"><figure class=\"aligncenter size-large\"><img loading=\"lazy\" decoding=\"async\" width=\"1024\" height=\"8\" src=\"https:\/\/copy-color.de\/wp-content\/uploads\/2022\/01\/040-1-1024x8.png\" alt=\"\" class=\"wp-image-468\" srcset=\"https:\/\/copy-color.de\/wp-content\/uploads\/2022\/01\/040-1-1024x8.png 1024w, https:\/\/copy-color.de\/wp-content\/uploads\/2022\/01\/040-1-300x2.png 300w, https:\/\/copy-color.de\/wp-content\/uploads\/2022\/01\/040-1-768x6.png 768w, https:\/\/copy-color.de\/wp-content\/uploads\/2022\/01\/040-1-1536x11.png 1536w, https:\/\/copy-color.de\/wp-content\/uploads\/2022\/01\/040-1-2048x15.png 2048w, https:\/\/copy-color.de\/wp-content\/uploads\/2022\/01\/040-1-600x4.png 600w\" sizes=\"(max-width: 1024px) 100vw, 1024px\" \/><\/figure><\/div>\n\n\n\n<p class=\"has-cyan-bluish-gray-color has-text-color\"><\/p>\n\n\n\n<div class=\"wp-block-media-text alignwide has-media-on-the-right is-stacked-on-mobile\"><figure class=\"wp-block-media-text__media\"><img loading=\"lazy\" decoding=\"async\" width=\"834\" height=\"246\" src=\"https:\/\/copy-color.de\/wp-content\/uploads\/2022\/01\/LMF.png\" alt=\"\" class=\"wp-image-400 size-full\" srcset=\"https:\/\/copy-color.de\/wp-content\/uploads\/2022\/01\/LMF.png 834w, https:\/\/copy-color.de\/wp-content\/uploads\/2022\/01\/LMF-300x88.png 300w, https:\/\/copy-color.de\/wp-content\/uploads\/2022\/01\/LMF-768x227.png 768w, https:\/\/copy-color.de\/wp-content\/uploads\/2022\/01\/LMF-600x177.png 600w\" sizes=\"(max-width: 834px) 100vw, 834px\" \/><\/figure><div class=\"wp-block-media-text__content\">\n<p><\/p>\n\n\n\n<figure class=\"wp-block-image size-large\"><img loading=\"lazy\" decoding=\"async\" width=\"1024\" height=\"393\" src=\"https:\/\/copy-color.de\/wp-content\/uploads\/2022\/01\/02-1024x393.png\" alt=\"\" class=\"wp-image-398\" srcset=\"https:\/\/copy-color.de\/wp-content\/uploads\/2022\/01\/02-1024x393.png 1024w, https:\/\/copy-color.de\/wp-content\/uploads\/2022\/01\/02-300x115.png 300w, https:\/\/copy-color.de\/wp-content\/uploads\/2022\/01\/02-768x295.png 768w, https:\/\/copy-color.de\/wp-content\/uploads\/2022\/01\/02-1536x590.png 1536w, https:\/\/copy-color.de\/wp-content\/uploads\/2022\/01\/02-2048x787.png 2048w, https:\/\/copy-color.de\/wp-content\/uploads\/2022\/01\/02-600x231.png 600w\" sizes=\"(max-width: 1024px) 100vw, 1024px\" \/><\/figure>\n\n\n\n<p class=\"has-luminous-vivid-orange-color has-text-color\">                                                                    <a href=\"https:\/\/www.lmf-postservice.de\/postservice\/preise-und-produkte.html\" target=\"_blank\" rel=\"noreferrer noopener\">ZU LMF<\/a><\/p>\n<\/div><\/div>\n\n\n\n<p><\/p>\n","protected":false},"excerpt":{"rendered":"<p>Der Versand findet durch Hermes statt: Abholung Sendungen aufgeben Die Gr\u00f6\u00dfe der P\u00e4ckchen ergibt sich aus l\u00e4ngster &amp; k\u00fcrzester Seite in der Summe.<\/p>\n","protected":false},"author":1,"featured_media":0,"parent":0,"menu_order":0,"comment_status":"closed","ping_status":"closed","template":"","meta":{"footnotes":""},"class_list":["post-40","page","type-page","status-publish","hentry"],"_links":{"self":[{"href":"https:\/\/copy-color.de\/index.php?rest_route=\/wp\/v2\/pages\/40","targetHints":{"allow":["GET"]}}],"collection":[{"href":"https:\/\/copy-color.de\/index.php?rest_route=\/wp\/v2\/pages"}],"about":[{"href":"https:\/\/copy-color.de\/index.php?rest_route=\/wp\/v2\/types\/page"}],"author":[{"embeddable":true,"href":"https:\/\/copy-color.de\/index.php?rest_route=\/wp\/v2\/users\/1"}],"replies":[{"embeddable":true,"href":"https:\/\/copy-color.de\/index.php?rest_route=%2Fwp%2Fv2%2Fcomments&post=40"}],"version-history":[{"count":64,"href":"https:\/\/copy-color.de\/index.php?rest_route=\/wp\/v2\/pages\/40\/revisions"}],"predecessor-version":[{"id":495,"href":"https:\/\/copy-color.de\/index.php?rest_route=\/wp\/v2\/pages\/40\/revisions\/495"}],"wp:attachment":[{"href":"https:\/\/copy-color.de\/index.php?rest_route=%2Fwp%2Fv2%2Fmedia&parent=40"}],"curies":[{"name":"wp","href":"https:\/\/api.w.org\/{rel}","templated":true}]}}